{"id":332,"date":"2025-05-10T19:52:19","date_gmt":"2025-05-10T18:52:19","guid":{"rendered":"https:\/\/www.coachwp.fr\/apple\/?page_id=332"},"modified":"2025-05-15T17:50:23","modified_gmt":"2025-05-15T16:50:23","slug":"positionnement-strategie","status":"publish","type":"page","link":"https:\/\/www.coachwp.fr\/apple\/positionnement-strategie\/","title":{"rendered":"Positionnement &amp; strat\u00e9gie"},"content":{"rendered":"\n<div class=\"wp-block-group alignfull has-accent-5-background-color has-background has-global-padding is-layout-constrained wp-container-core-group-is-layout-669513ed wp-block-group-is-layout-constrained\" style=\"margin-top:0;margin-bottom:0;padding-top:var(--wp--preset--spacing--50);padding-right:var(--wp--preset--spacing--50);padding-bottom:var(--wp--preset--spacing--50);padding-left:var(--wp--preset--spacing--50)\">\n<div class=\"wp-block-columns alignwide is-layout-flex wp-container-core-columns-is-layout-1da03c2a wp-block-columns-is-layout-flex\">\n<div class=\"wp-block-column is-vertically-aligned-stretch is-layout-flow wp-block-column-is-layout-flow\" style=\"flex-basis:50%\">\n<div class=\"wp-block-group is-vertical is-content-justification-stretch is-layout-flex wp-container-core-group-is-layout-444d5ee8 wp-block-group-is-layout-flex\" style=\"min-height:100%\">\n<p class=\"has-heading-font-family has-x-large-font-size\" style=\"line-height:1.2\">Apple se distingue par une strat\u00e9gie d&rsquo;innovation int\u00e9gr\u00e9e, alliant ma\u00eetrise technologique, excellence produit et ancrage g\u00e9opolitique.&nbsp;L&rsquo;entreprise ne se contente pas de suivre les tendances\u202f; elle les fa\u00e7onne, en s&rsquo;appuyant sur un \u00e9cosyst\u00e8me mat\u00e9riel et logiciel coh\u00e9rent, et une capacit\u00e9 unique \u00e0 anticiper les \u00e9volutions du march\u00e9.<\/p>\n\n\n\n<div class=\"wp-block-group has-global-padding is-content-justification-left is-layout-constrained wp-container-core-group-is-layout-9fe8ed88 wp-block-group-is-layout-constrained\">\n<p class=\"wp-container-content-0733e5d0\">Retrouvez l\u2019ensemble de nos articles sur le positionnement d\u2019Apple dans l\u2019\u00e9cosyst\u00e8me mondial de la tech et les choix strat\u00e9giques qui fa\u00e7onnent son avenir.<\/p>\n<\/div>\n<\/div>\n<\/div>\n\n\n\n<div class=\"wp-block-column is-vertically-aligned-center is-layout-flow wp-block-column-is-layout-flow\" style=\"flex-basis:50%\">\n<figure class=\"wp-block-image size-large is-style-rounded is-style-rounded--1\"><img loading=\"lazy\" decoding=\"async\" width=\"1024\" height=\"683\" src=\"https:\/\/www.coachwp.fr\/apple\/wp-content\/uploads\/2025\/05\/U55QVW5K2VA5DAFWN6XJT3P2EQ-1024x683.jpg\" alt=\"\" class=\"wp-image-334\" style=\"aspect-ratio:3\/4;object-fit:cover\" srcset=\"https:\/\/www.coachwp.fr\/apple\/wp-content\/uploads\/2025\/05\/U55QVW5K2VA5DAFWN6XJT3P2EQ-1024x683.jpg 1024w, https:\/\/www.coachwp.fr\/apple\/wp-content\/uploads\/2025\/05\/U55QVW5K2VA5DAFWN6XJT3P2EQ-300x200.jpg 300w, https:\/\/www.coachwp.fr\/apple\/wp-content\/uploads\/2025\/05\/U55QVW5K2VA5DAFWN6XJT3P2EQ-768x512.jpg 768w, https:\/\/www.coachwp.fr\/apple\/wp-content\/uploads\/2025\/05\/U55QVW5K2VA5DAFWN6XJT3P2EQ-1536x1024.jpg 1536w, https:\/\/www.coachwp.fr\/apple\/wp-content\/uploads\/2025\/05\/U55QVW5K2VA5DAFWN6XJT3P2EQ-2048x1366.jpg 2048w\" sizes=\"auto, (max-width: 1024px) 100vw, 1024px\" \/><figcaption class=\"wp-element-caption\">Le PDG d&rsquo;Apple, Tim Cook, assiste \u00e0 la conf\u00e9rence annuelle des d\u00e9veloppeurs au si\u00e8ge de l&rsquo;entreprise \u00e0 Cupertino, en Californie (\u00c9tats-Unis), le 10 juin 2024.. REUTERS\/Carlos Barria<\/figcaption><\/figure>\n<\/div>\n<\/div>\n<\/div>\n\n\n\n<div class=\"wp-block-group alignfull has-base-background-color has-background has-global-padding is-layout-constrained wp-container-core-group-is-layout-d89aad35 wp-block-group-is-layout-constrained\" style=\"margin-top:0;margin-bottom:0;padding-top:var(--wp--preset--spacing--50);padding-right:var(--wp--preset--spacing--50);padding-bottom:var(--wp--preset--spacing--50);padding-left:var(--wp--preset--spacing--50)\">\n<div class=\"wp-block-columns alignwide is-layout-flex wp-container-core-columns-is-layout-1da03c2a wp-block-columns-is-layout-flex\">\n<div class=\"wp-block-column is-vertically-aligned-center is-layout-flow wp-block-column-is-layout-flow\" style=\"flex-basis:60%\">\n<figure class=\"wp-block-image size-full is-style-rounded is-style-rounded--2\"><img loading=\"lazy\" decoding=\"async\" width=\"612\" height=\"377\" src=\"https:\/\/www.coachwp.fr\/apple\/wp-content\/uploads\/2025\/03\/istockphoto-1368287233-612x612-2.jpg\" alt=\"\" class=\"wp-image-165\" style=\"aspect-ratio:4\/3;object-fit:cover\" srcset=\"https:\/\/www.coachwp.fr\/apple\/wp-content\/uploads\/2025\/03\/istockphoto-1368287233-612x612-2.jpg 612w, https:\/\/www.coachwp.fr\/apple\/wp-content\/uploads\/2025\/03\/istockphoto-1368287233-612x612-2-300x185.jpg 300w, https:\/\/www.coachwp.fr\/apple\/wp-content\/uploads\/2025\/03\/istockphoto-1368287233-612x612-2-480x296.jpg 480w\" sizes=\"auto, (max-width: 612px) 100vw, 612px\" \/><\/figure>\n<\/div>\n\n\n\n<div class=\"wp-block-column is-layout-flow wp-block-column-is-layout-flow\" style=\"flex-basis:40%\">\n<h2 class=\"wp-block-heading\">Apple investit 500 milliards aux USA<\/h2>\n\n\n\n<p>Apple vient d&rsquo;annoncer un investissement de 500 milliards de dollars sur 4 ans aux \u00c9tats-Unis. Cela comprend notamment la construction d\u2019un nouveau site \u00e0 Houston dans l&rsquo;\u00c9tat du Texas. Cette annonce fait suite aux nouveaux droits de douane annonc\u00e9s par Donald Trump, ciblant de 25% les importations de semi-conducteurs, essentiels pour Apple dans la production de ses t\u00e9l\u00e9phones.<\/p>\n\n\n\n<div class=\"wp-block-buttons is-layout-flex wp-block-buttons-is-layout-flex\">\n<div class=\"wp-block-button\" id=\"https:\/\/www.coachwp.fr\/apple\/wp-admin\/post.php?post=160&amp;action=edit\"><a class=\"wp-block-button__link has-background wp-element-button\" href=\"https:\/\/www.coachwp.fr\/apple\/2025\/04\/14\/apple-investit-500-milliards-aux-usa\/\" style=\"background-color:#007aff\" target=\"_blank\" rel=\"noreferrer noopener\">Lire l&rsquo;article<\/a><\/div>\n<\/div>\n<\/div>\n<\/div>\n<\/div>\n","protected":false},"excerpt":{"rendered":"<p>Apple se distingue par une strat\u00e9gie d&rsquo;innovation int\u00e9gr\u00e9e, alliant ma\u00eetrise technologique, excellence produit et ancrage g\u00e9opolitique.&nbsp;L&rsquo;entreprise ne se contente pas de suivre les tendances\u202f; elle les fa\u00e7onne, en s&rsquo;appuyant sur un \u00e9cosyst\u00e8me mat\u00e9riel et logiciel coh\u00e9rent, et une capacit\u00e9 unique \u00e0 anticiper les \u00e9volutions du march\u00e9. Retrouvez l\u2019ensemble de nos articles sur le positionnement d\u2019Apple [&hellip;]<\/p>\n","protected":false},"author":2,"featured_media":0,"parent":0,"menu_order":0,"comment_status":"closed","ping_status":"closed","template":"","meta":{"footnotes":""},"class_list":["post-332","page","type-page","status-publish","hentry"],"yoast_head":"<!-- This site is optimized with the Yoast SEO plugin v24.6 - https:\/\/yoast.com\/wordpress\/plugins\/seo\/ -->\n<title>Positionnement &amp; strat\u00e9gie - AppleLabs<\/title>\n<meta name=\"description\" content=\"D\u00e9couvrez la strat\u00e9gie d&#039;Apple : positionnement, investissements et initiatives cl\u00e9s pour comprendre son r\u00f4le sur le march\u00e9 mondial.\" \/>\n<meta name=\"robots\" content=\"noindex, follow, max-snippet:-1, max-image-preview:large, max-video-preview:-1\" \/>\n<meta property=\"og:locale\" content=\"fr_FR\" \/>\n<meta property=\"og:type\" content=\"article\" \/>\n<meta property=\"og:title\" content=\"Positionnement &amp; strat\u00e9gie - AppleLabs\" \/>\n<meta property=\"og:description\" content=\"D\u00e9couvrez la strat\u00e9gie d&#039;Apple : positionnement, investissements et initiatives cl\u00e9s pour comprendre son r\u00f4le sur le march\u00e9 mondial.\" \/>\n<meta property=\"og:url\" content=\"https:\/\/www.coachwp.fr\/apple\/positionnement-strategie\/\" \/>\n<meta property=\"og:site_name\" content=\"AppleLabs\" \/>\n<meta property=\"article:modified_time\" content=\"2025-05-15T16:50:23+00:00\" \/>\n<meta property=\"og:image\" content=\"https:\/\/www.coachwp.fr\/apple\/wp-content\/uploads\/2025\/05\/U55QVW5K2VA5DAFWN6XJT3P2EQ-scaled.jpg\" \/>\n\t<meta property=\"og:image:width\" content=\"2560\" \/>\n\t<meta property=\"og:image:height\" content=\"1707\" \/>\n\t<meta property=\"og:image:type\" content=\"image\/jpeg\" \/>\n<meta name=\"twitter:card\" content=\"summary_large_image\" \/>\n<meta name=\"twitter:label1\" content=\"Dur\u00e9e de lecture estim\u00e9e\" \/>\n\t<meta name=\"twitter:data1\" content=\"2 minutes\" \/>\n<script type=\"application\/ld+json\" class=\"yoast-schema-graph\">{\"@context\":\"https:\/\/schema.org\",\"@graph\":[{\"@type\":\"WebPage\",\"@id\":\"https:\/\/www.coachwp.fr\/apple\/positionnement-strategie\/\",\"url\":\"https:\/\/www.coachwp.fr\/apple\/positionnement-strategie\/\",\"name\":\"Positionnement &amp; strat\u00e9gie - AppleLabs\",\"isPartOf\":{\"@id\":\"https:\/\/www.coachwp.fr\/apple\/#website\"},\"primaryImageOfPage\":{\"@id\":\"https:\/\/www.coachwp.fr\/apple\/positionnement-strategie\/#primaryimage\"},\"image\":{\"@id\":\"https:\/\/www.coachwp.fr\/apple\/positionnement-strategie\/#primaryimage\"},\"thumbnailUrl\":\"https:\/\/www.coachwp.fr\/apple\/wp-content\/uploads\/2025\/05\/U55QVW5K2VA5DAFWN6XJT3P2EQ-1024x683.jpg\",\"datePublished\":\"2025-05-10T18:52:19+00:00\",\"dateModified\":\"2025-05-15T16:50:23+00:00\",\"description\":\"D\u00e9couvrez la strat\u00e9gie d'Apple : positionnement, investissements et initiatives cl\u00e9s pour comprendre son r\u00f4le sur le march\u00e9 mondial.\",\"breadcrumb\":{\"@id\":\"https:\/\/www.coachwp.fr\/apple\/positionnement-strategie\/#breadcrumb\"},\"inLanguage\":\"fr-FR\",\"potentialAction\":[{\"@type\":\"ReadAction\",\"target\":[\"https:\/\/www.coachwp.fr\/apple\/positionnement-strategie\/\"]}]},{\"@type\":\"ImageObject\",\"inLanguage\":\"fr-FR\",\"@id\":\"https:\/\/www.coachwp.fr\/apple\/positionnement-strategie\/#primaryimage\",\"url\":\"https:\/\/www.coachwp.fr\/apple\/wp-content\/uploads\/2025\/05\/U55QVW5K2VA5DAFWN6XJT3P2EQ-scaled.jpg\",\"contentUrl\":\"https:\/\/www.coachwp.fr\/apple\/wp-content\/uploads\/2025\/05\/U55QVW5K2VA5DAFWN6XJT3P2EQ-scaled.jpg\",\"width\":2560,\"height\":1707,\"caption\":\"FILE PHOTO: Apple CEO Tim Cook attends the annual developer conference event at the company's headquarters in Cupertino, California, U.S., June 10, 2024. REUTERS\/Carlos Barria\/File Photo\"},{\"@type\":\"BreadcrumbList\",\"@id\":\"https:\/\/www.coachwp.fr\/apple\/positionnement-strategie\/#breadcrumb\",\"itemListElement\":[{\"@type\":\"ListItem\",\"position\":1,\"name\":\"Accueil\",\"item\":\"https:\/\/www.coachwp.fr\/apple\/\"},{\"@type\":\"ListItem\",\"position\":2,\"name\":\"Positionnement &amp; strat\u00e9gie\"}]},{\"@type\":\"WebSite\",\"@id\":\"https:\/\/www.coachwp.fr\/apple\/#website\",\"url\":\"https:\/\/www.coachwp.fr\/apple\/\",\"name\":\"AppleLabs\",\"description\":\"Demain commence ici\",\"publisher\":{\"@id\":\"https:\/\/www.coachwp.fr\/apple\/#organization\"},\"potentialAction\":[{\"@type\":\"SearchAction\",\"target\":{\"@type\":\"EntryPoint\",\"urlTemplate\":\"https:\/\/www.coachwp.fr\/apple\/?s={search_term_string}\"},\"query-input\":{\"@type\":\"PropertyValueSpecification\",\"valueRequired\":true,\"valueName\":\"search_term_string\"}}],\"inLanguage\":\"fr-FR\"},{\"@type\":\"Organization\",\"@id\":\"https:\/\/www.coachwp.fr\/apple\/#organization\",\"name\":\"AppleLabs\",\"url\":\"https:\/\/www.coachwp.fr\/apple\/\",\"logo\":{\"@type\":\"ImageObject\",\"inLanguage\":\"fr-FR\",\"@id\":\"https:\/\/www.coachwp.fr\/apple\/#\/schema\/logo\/image\/\",\"url\":\"https:\/\/www.coachwp.fr\/apple\/wp-content\/uploads\/2025\/05\/applllle.png\",\"contentUrl\":\"https:\/\/www.coachwp.fr\/apple\/wp-content\/uploads\/2025\/05\/applllle.png\",\"width\":1080,\"height\":1350,\"caption\":\"AppleLabs\"},\"image\":{\"@id\":\"https:\/\/www.coachwp.fr\/apple\/#\/schema\/logo\/image\/\"}}]}<\/script>\n<!-- \/ Yoast SEO plugin. -->","yoast_head_json":{"title":"Positionnement &amp; strat\u00e9gie - AppleLabs","description":"D\u00e9couvrez la strat\u00e9gie d'Apple : positionnement, investissements et initiatives cl\u00e9s pour comprendre son r\u00f4le sur le march\u00e9 mondial.","robots":{"index":"noindex","follow":"follow","max-snippet":"max-snippet:-1","max-image-preview":"max-image-preview:large","max-video-preview":"max-video-preview:-1"},"og_locale":"fr_FR","og_type":"article","og_title":"Positionnement &amp; strat\u00e9gie - AppleLabs","og_description":"D\u00e9couvrez la strat\u00e9gie d'Apple : positionnement, investissements et initiatives cl\u00e9s pour comprendre son r\u00f4le sur le march\u00e9 mondial.","og_url":"https:\/\/www.coachwp.fr\/apple\/positionnement-strategie\/","og_site_name":"AppleLabs","article_modified_time":"2025-05-15T16:50:23+00:00","og_image":[{"width":2560,"height":1707,"url":"https:\/\/www.coachwp.fr\/apple\/wp-content\/uploads\/2025\/05\/U55QVW5K2VA5DAFWN6XJT3P2EQ-scaled.jpg","type":"image\/jpeg"}],"twitter_card":"summary_large_image","twitter_misc":{"Dur\u00e9e de lecture estim\u00e9e":"2 minutes"},"schema":{"@context":"https:\/\/schema.org","@graph":[{"@type":"WebPage","@id":"https:\/\/www.coachwp.fr\/apple\/positionnement-strategie\/","url":"https:\/\/www.coachwp.fr\/apple\/positionnement-strategie\/","name":"Positionnement &amp; strat\u00e9gie - AppleLabs","isPartOf":{"@id":"https:\/\/www.coachwp.fr\/apple\/#website"},"primaryImageOfPage":{"@id":"https:\/\/www.coachwp.fr\/apple\/positionnement-strategie\/#primaryimage"},"image":{"@id":"https:\/\/www.coachwp.fr\/apple\/positionnement-strategie\/#primaryimage"},"thumbnailUrl":"https:\/\/www.coachwp.fr\/apple\/wp-content\/uploads\/2025\/05\/U55QVW5K2VA5DAFWN6XJT3P2EQ-1024x683.jpg","datePublished":"2025-05-10T18:52:19+00:00","dateModified":"2025-05-15T16:50:23+00:00","description":"D\u00e9couvrez la strat\u00e9gie d'Apple : positionnement, investissements et initiatives cl\u00e9s pour comprendre son r\u00f4le sur le march\u00e9 mondial.","breadcrumb":{"@id":"https:\/\/www.coachwp.fr\/apple\/positionnement-strategie\/#breadcrumb"},"inLanguage":"fr-FR","potentialAction":[{"@type":"ReadAction","target":["https:\/\/www.coachwp.fr\/apple\/positionnement-strategie\/"]}]},{"@type":"ImageObject","inLanguage":"fr-FR","@id":"https:\/\/www.coachwp.fr\/apple\/positionnement-strategie\/#primaryimage","url":"https:\/\/www.coachwp.fr\/apple\/wp-content\/uploads\/2025\/05\/U55QVW5K2VA5DAFWN6XJT3P2EQ-scaled.jpg","contentUrl":"https:\/\/www.coachwp.fr\/apple\/wp-content\/uploads\/2025\/05\/U55QVW5K2VA5DAFWN6XJT3P2EQ-scaled.jpg","width":2560,"height":1707,"caption":"FILE PHOTO: Apple CEO Tim Cook attends the annual developer conference event at the company's headquarters in Cupertino, California, U.S., June 10, 2024. REUTERS\/Carlos Barria\/File Photo"},{"@type":"BreadcrumbList","@id":"https:\/\/www.coachwp.fr\/apple\/positionnement-strategie\/#breadcrumb","itemListElement":[{"@type":"ListItem","position":1,"name":"Accueil","item":"https:\/\/www.coachwp.fr\/apple\/"},{"@type":"ListItem","position":2,"name":"Positionnement &amp; strat\u00e9gie"}]},{"@type":"WebSite","@id":"https:\/\/www.coachwp.fr\/apple\/#website","url":"https:\/\/www.coachwp.fr\/apple\/","name":"AppleLabs","description":"Demain commence ici","publisher":{"@id":"https:\/\/www.coachwp.fr\/apple\/#organization"},"potentialAction":[{"@type":"SearchAction","target":{"@type":"EntryPoint","urlTemplate":"https:\/\/www.coachwp.fr\/apple\/?s={search_term_string}"},"query-input":{"@type":"PropertyValueSpecification","valueRequired":true,"valueName":"search_term_string"}}],"inLanguage":"fr-FR"},{"@type":"Organization","@id":"https:\/\/www.coachwp.fr\/apple\/#organization","name":"AppleLabs","url":"https:\/\/www.coachwp.fr\/apple\/","logo":{"@type":"ImageObject","inLanguage":"fr-FR","@id":"https:\/\/www.coachwp.fr\/apple\/#\/schema\/logo\/image\/","url":"https:\/\/www.coachwp.fr\/apple\/wp-content\/uploads\/2025\/05\/applllle.png","contentUrl":"https:\/\/www.coachwp.fr\/apple\/wp-content\/uploads\/2025\/05\/applllle.png","width":1080,"height":1350,"caption":"AppleLabs"},"image":{"@id":"https:\/\/www.coachwp.fr\/apple\/#\/schema\/logo\/image\/"}}]}},"_links":{"self":[{"href":"https:\/\/www.coachwp.fr\/apple\/wp-json\/wp\/v2\/pages\/332","targetHints":{"allow":["GET"]}}],"collection":[{"href":"https:\/\/www.coachwp.fr\/apple\/wp-json\/wp\/v2\/pages"}],"about":[{"href":"https:\/\/www.coachwp.fr\/apple\/wp-json\/wp\/v2\/types\/page"}],"author":[{"embeddable":true,"href":"https:\/\/www.coachwp.fr\/apple\/wp-json\/wp\/v2\/users\/2"}],"replies":[{"embeddable":true,"href":"https:\/\/www.coachwp.fr\/apple\/wp-json\/wp\/v2\/comments?post=332"}],"version-history":[{"count":5,"href":"https:\/\/www.coachwp.fr\/apple\/wp-json\/wp\/v2\/pages\/332\/revisions"}],"predecessor-version":[{"id":400,"href":"https:\/\/www.coachwp.fr\/apple\/wp-json\/wp\/v2\/pages\/332\/revisions\/400"}],"wp:attachment":[{"href":"https:\/\/www.coachwp.fr\/apple\/wp-json\/wp\/v2\/media?parent=332"}],"curies":[{"name":"wp","href":"https:\/\/api.w.org\/{rel}","templated":true}]}}