{"id":171,"date":"2025-05-10T19:49:54","date_gmt":"2025-05-10T18:49:54","guid":{"rendered":"https:\/\/www.coachwp.fr\/apple\/?page_id=171"},"modified":"2025-05-15T17:51:18","modified_gmt":"2025-05-15T16:51:18","slug":"technologies-et-innovation","status":"publish","type":"page","link":"https:\/\/www.coachwp.fr\/apple\/technologies-et-innovation\/","title":{"rendered":"Technologies et innovation"},"content":{"rendered":"\n<div class=\"wp-block-group alignfull has-accent-5-background-color has-background has-global-padding is-layout-constrained wp-container-core-group-is-layout-669513ed wp-block-group-is-layout-constrained\" style=\"margin-top:0;margin-bottom:0;padding-top:var(--wp--preset--spacing--50);padding-right:var(--wp--preset--spacing--50);padding-bottom:var(--wp--preset--spacing--50);padding-left:var(--wp--preset--spacing--50)\">\n<div class=\"wp-block-columns alignwide is-layout-flex wp-container-core-columns-is-layout-1da03c2a wp-block-columns-is-layout-flex\">\n<div class=\"wp-block-column is-vertically-aligned-stretch is-layout-flow wp-block-column-is-layout-flow\" style=\"flex-basis:50%\">\n<div class=\"wp-block-group is-vertical is-content-justification-stretch is-layout-flex wp-container-core-group-is-layout-444d5ee8 wp-block-group-is-layout-flex\" style=\"min-height:100%\">\n<p class=\"has-heading-font-family has-large-font-size\" style=\"line-height:1.2\">Explorez nos contenus d\u00e9di\u00e9s aux avanc\u00e9es technologiques d\u2019Apple\u202f: communiqu\u00e9s de presse sur les derni\u00e8res innovations, lancement de produits, \u00e9volutions de l\u2019\u00e9cosyst\u00e8me mat\u00e9riel et logiciel. Cette section revient \u00e9galement sur l\u2019histoire d\u2019Apple, les grandes \u00e9tapes de son d\u00e9veloppement technologique, et la mani\u00e8re dont l\u2019entreprise repousse sans cesse les limites de l\u2019innovation au service de l\u2019exp\u00e9rience utilisateur.<\/p>\n<\/div>\n<\/div>\n\n\n\n<div class=\"wp-block-column is-vertically-aligned-center is-layout-flow wp-block-column-is-layout-flow\" style=\"flex-basis:50%\">\n<figure class=\"wp-block-image size-full is-style-rounded is-style-rounded--1\"><img loading=\"lazy\" decoding=\"async\" width=\"980\" height=\"551\" src=\"https:\/\/www.coachwp.fr\/apple\/wp-content\/uploads\/2025\/05\/Apple-M4-chip-CPU-performance_big.jpg.large_.jpg\" alt=\"\" class=\"wp-image-340\" style=\"aspect-ratio:3\/4;object-fit:cover\" srcset=\"https:\/\/www.coachwp.fr\/apple\/wp-content\/uploads\/2025\/05\/Apple-M4-chip-CPU-performance_big.jpg.large_.jpg 980w, https:\/\/www.coachwp.fr\/apple\/wp-content\/uploads\/2025\/05\/Apple-M4-chip-CPU-performance_big.jpg.large_-300x169.jpg 300w, https:\/\/www.coachwp.fr\/apple\/wp-content\/uploads\/2025\/05\/Apple-M4-chip-CPU-performance_big.jpg.large_-768x432.jpg 768w\" sizes=\"auto, (max-width: 980px) 100vw, 980px\" \/><\/figure>\n<\/div>\n<\/div>\n<\/div>\n\n\n\n<div class=\"wp-block-group alignfull has-base-background-color has-background has-global-padding is-layout-constrained wp-container-core-group-is-layout-d89aad35 wp-block-group-is-layout-constrained\" style=\"margin-top:0;margin-bottom:0;padding-top:var(--wp--preset--spacing--50);padding-right:var(--wp--preset--spacing--50);padding-bottom:var(--wp--preset--spacing--50);padding-left:var(--wp--preset--spacing--50)\">\n<div class=\"wp-block-columns alignwide is-layout-flex wp-container-core-columns-is-layout-1da03c2a wp-block-columns-is-layout-flex\">\n<div class=\"wp-block-column is-vertically-aligned-center is-layout-flow wp-block-column-is-layout-flow\" style=\"flex-basis:60%\">\n<figure class=\"wp-block-image size-full is-style-rounded is-style-rounded--2\"><img loading=\"lazy\" decoding=\"async\" width=\"2048\" height=\"1152\" src=\"https:\/\/www.coachwp.fr\/apple\/wp-content\/uploads\/2025\/03\/3498244-0-23813600-1724929097-original-4-1.jpg.webp\" alt=\"Apple Intelligence : l\u2019intelligence artificielle, repens\u00e9e pour l\u2019iPhone.\" class=\"wp-image-149\" style=\"aspect-ratio:4\/3;object-fit:cover\" srcset=\"https:\/\/www.coachwp.fr\/apple\/wp-content\/uploads\/2025\/03\/3498244-0-23813600-1724929097-original-4-1.jpg.webp 2048w, https:\/\/www.coachwp.fr\/apple\/wp-content\/uploads\/2025\/03\/3498244-0-23813600-1724929097-original-4-1.jpg-300x169.webp 300w, https:\/\/www.coachwp.fr\/apple\/wp-content\/uploads\/2025\/03\/3498244-0-23813600-1724929097-original-4-1.jpg-1024x576.webp 1024w, https:\/\/www.coachwp.fr\/apple\/wp-content\/uploads\/2025\/03\/3498244-0-23813600-1724929097-original-4-1.jpg-768x432.webp 768w, https:\/\/www.coachwp.fr\/apple\/wp-content\/uploads\/2025\/03\/3498244-0-23813600-1724929097-original-4-1.jpg-1536x864.webp 1536w, https:\/\/www.coachwp.fr\/apple\/wp-content\/uploads\/2025\/03\/3498244-0-23813600-1724929097-original-4-1.jpg-1080x608.webp 1080w, https:\/\/www.coachwp.fr\/apple\/wp-content\/uploads\/2025\/03\/3498244-0-23813600-1724929097-original-4-1.jpg-1280x720.webp 1280w, https:\/\/www.coachwp.fr\/apple\/wp-content\/uploads\/2025\/03\/3498244-0-23813600-1724929097-original-4-1.jpg-980x551.webp 980w, https:\/\/www.coachwp.fr\/apple\/wp-content\/uploads\/2025\/03\/3498244-0-23813600-1724929097-original-4-1.jpg-480x270.webp 480w\" sizes=\"auto, (max-width: 2048px) 100vw, 2048px\" \/><\/figure>\n<\/div>\n\n\n\n<div class=\"wp-block-column is-layout-flow wp-block-column-is-layout-flow\" style=\"flex-basis:40%\">\n<h2 class=\"wp-block-heading\">Apple Intelligence : Vers un futur guid\u00e9 par l\u2019IA g\u00e9n\u00e9rative<\/h2>\n\n\n\n<p>Apple franchit une \u00e9tape majeure avec Apple Intelligence, son IA g\u00e9n\u00e9rative d\u00e9ploy\u00e9e en Europe \u00e0 partir d\u2019avril 2025. Port\u00e9e par de grands investissements, des partenariats technologiques cl\u00e9s et sa communaut\u00e9 de d\u00e9veloppeurs engag\u00e9s, Apple renforce son leadership sur un march\u00e9 en mutation. Voici les points essentiels \u00e0 conna\u00eetre pour comprendre l&rsquo;impact d&rsquo;Apple Intelligence dans l&rsquo;\u00e9cosyst\u00e8me de l&rsquo;IA.<\/p>\n\n\n\n<div class=\"wp-block-buttons is-layout-flex wp-block-buttons-is-layout-flex\">\n<div class=\"wp-block-button\"><a class=\"wp-block-button__link has-background wp-element-button\" href=\"https:\/\/www.coachwp.fr\/apple\/2025\/04\/14\/apple-intelligence-vers-un-futur-guide-par-lia-generative\/\" style=\"background-color:#007aff\" target=\"_blank\" rel=\"noreferrer noopener\">Lire l&rsquo;article<\/a><\/div>\n<\/div>\n<\/div>\n<\/div>\n<\/div>\n\n\n\n<div class=\"wp-block-group alignfull has-accent-5-background-color has-background has-global-padding is-layout-constrained wp-container-core-group-is-layout-d89aad35 wp-block-group-is-layout-constrained\" style=\"margin-top:0;margin-bottom:0;padding-top:var(--wp--preset--spacing--50);padding-right:var(--wp--preset--spacing--50);padding-bottom:var(--wp--preset--spacing--50);padding-left:var(--wp--preset--spacing--50)\">\n<div class=\"wp-block-columns alignwide is-layout-flex wp-container-core-columns-is-layout-1da03c2a wp-block-columns-is-layout-flex\">\n<div class=\"wp-block-column is-vertically-aligned-center is-layout-flow wp-block-column-is-layout-flow\" style=\"flex-basis:60%\">\n<figure class=\"wp-block-image size-full is-style-rounded is-style-rounded--3\"><img loading=\"lazy\" decoding=\"async\" width=\"2500\" height=\"790\" src=\"https:\/\/www.coachwp.fr\/apple\/wp-content\/uploads\/2025\/03\/evolution-logo-apple_ok.webp\" alt=\"\" class=\"wp-image-172\" style=\"aspect-ratio:4\/3;object-fit:cover\" srcset=\"https:\/\/www.coachwp.fr\/apple\/wp-content\/uploads\/2025\/03\/evolution-logo-apple_ok.webp 2500w, https:\/\/www.coachwp.fr\/apple\/wp-content\/uploads\/2025\/03\/evolution-logo-apple_ok-300x95.webp 300w, https:\/\/www.coachwp.fr\/apple\/wp-content\/uploads\/2025\/03\/evolution-logo-apple_ok-1024x324.webp 1024w, https:\/\/www.coachwp.fr\/apple\/wp-content\/uploads\/2025\/03\/evolution-logo-apple_ok-768x243.webp 768w, https:\/\/www.coachwp.fr\/apple\/wp-content\/uploads\/2025\/03\/evolution-logo-apple_ok-1536x485.webp 1536w, https:\/\/www.coachwp.fr\/apple\/wp-content\/uploads\/2025\/03\/evolution-logo-apple_ok-2048x647.webp 2048w, https:\/\/www.coachwp.fr\/apple\/wp-content\/uploads\/2025\/03\/evolution-logo-apple_ok-1080x341.webp 1080w, https:\/\/www.coachwp.fr\/apple\/wp-content\/uploads\/2025\/03\/evolution-logo-apple_ok-1280x404.webp 1280w, https:\/\/www.coachwp.fr\/apple\/wp-content\/uploads\/2025\/03\/evolution-logo-apple_ok-980x310.webp 980w, https:\/\/www.coachwp.fr\/apple\/wp-content\/uploads\/2025\/03\/evolution-logo-apple_ok-480x152.webp 480w\" sizes=\"auto, (max-width: 2500px) 100vw, 2500px\" \/><\/figure>\n<\/div>\n\n\n\n<div class=\"wp-block-column is-layout-flow wp-block-column-is-layout-flow\" style=\"flex-basis:40%\">\n<h2 class=\"wp-block-heading\">Apple : l&rsquo;\u00e9volution et les innovations d&rsquo;une marque<\/h2>\n\n\n\n<p>La marque de t\u00e9l\u00e9phone californienne Apple a connu une grande \u00e9volution au fil des ann\u00e9es. Ces \u00e9volutions ont amen\u00e9 des innovations dans les produits vendus par la marque dominant et changeant les tendances du march\u00e9 de la t\u00e9l\u00e9phonie.<\/p>\n\n\n\n<div class=\"wp-block-buttons is-layout-flex wp-block-buttons-is-layout-flex\">\n<div class=\"wp-block-button\"><a class=\"wp-block-button__link has-background wp-element-button\" href=\"https:\/\/www.coachwp.fr\/apple\/2025\/04\/14\/apple-levolution-et-les-innovations-dune-marque\/\" style=\"background-color:#007aff\" target=\"_blank\" rel=\"noreferrer noopener\">Lire l&rsquo;article<\/a><\/div>\n<\/div>\n<\/div>\n<\/div>\n<\/div>\n\n\n\n<p><\/p>\n","protected":false},"excerpt":{"rendered":"<p>Explorez nos contenus d\u00e9di\u00e9s aux avanc\u00e9es technologiques d\u2019Apple\u202f: communiqu\u00e9s de presse sur les derni\u00e8res innovations, lancement de produits, \u00e9volutions de l\u2019\u00e9cosyst\u00e8me mat\u00e9riel et logiciel. Cette section revient \u00e9galement sur l\u2019histoire d\u2019Apple, les grandes \u00e9tapes de son d\u00e9veloppement technologique, et la mani\u00e8re dont l\u2019entreprise repousse sans cesse les limites de l\u2019innovation au service de l\u2019exp\u00e9rience utilisateur. [&hellip;]<\/p>\n","protected":false},"author":2,"featured_media":0,"parent":0,"menu_order":0,"comment_status":"closed","ping_status":"closed","template":"","meta":{"footnotes":""},"class_list":["post-171","page","type-page","status-publish","hentry"],"yoast_head":"<!-- This site is optimized with the Yoast SEO plugin v24.6 - https:\/\/yoast.com\/wordpress\/plugins\/seo\/ -->\n<title>Technologies et innovation - AppleLabs<\/title>\n<meta name=\"description\" content=\"Toutes les ressources sur les technologies et innovations d\u2019Apple : intelligence artificielle, lancements de produits, et rep\u00e8res sur son histoire.\" \/>\n<meta name=\"robots\" content=\"noindex, follow, max-snippet:-1, max-image-preview:large, max-video-preview:-1\" \/>\n<meta property=\"og:locale\" content=\"fr_FR\" \/>\n<meta property=\"og:type\" content=\"article\" \/>\n<meta property=\"og:title\" content=\"Technologies et innovation - AppleLabs\" \/>\n<meta property=\"og:description\" content=\"Toutes les ressources sur les technologies et innovations d\u2019Apple : intelligence artificielle, lancements de produits, et rep\u00e8res sur son histoire.\" \/>\n<meta property=\"og:url\" content=\"https:\/\/www.coachwp.fr\/apple\/technologies-et-innovation\/\" \/>\n<meta property=\"og:site_name\" content=\"AppleLabs\" \/>\n<meta property=\"article:modified_time\" content=\"2025-05-15T16:51:18+00:00\" \/>\n<meta property=\"og:image\" content=\"https:\/\/www.coachwp.fr\/apple\/wp-content\/uploads\/2025\/05\/Apple-M4-chip-CPU-performance_big.jpg.large_.jpg\" \/>\n\t<meta property=\"og:image:width\" content=\"980\" \/>\n\t<meta property=\"og:image:height\" content=\"551\" \/>\n\t<meta property=\"og:image:type\" content=\"image\/jpeg\" \/>\n<meta name=\"twitter:card\" content=\"summary_large_image\" \/>\n<meta name=\"twitter:label1\" content=\"Dur\u00e9e de lecture estim\u00e9e\" \/>\n\t<meta name=\"twitter:data1\" content=\"2 minutes\" \/>\n<script type=\"application\/ld+json\" class=\"yoast-schema-graph\">{\"@context\":\"https:\/\/schema.org\",\"@graph\":[{\"@type\":\"WebPage\",\"@id\":\"https:\/\/www.coachwp.fr\/apple\/technologies-et-innovation\/\",\"url\":\"https:\/\/www.coachwp.fr\/apple\/technologies-et-innovation\/\",\"name\":\"Technologies et innovation - AppleLabs\",\"isPartOf\":{\"@id\":\"https:\/\/www.coachwp.fr\/apple\/#website\"},\"primaryImageOfPage\":{\"@id\":\"https:\/\/www.coachwp.fr\/apple\/technologies-et-innovation\/#primaryimage\"},\"image\":{\"@id\":\"https:\/\/www.coachwp.fr\/apple\/technologies-et-innovation\/#primaryimage\"},\"thumbnailUrl\":\"https:\/\/www.coachwp.fr\/apple\/wp-content\/uploads\/2025\/05\/Apple-M4-chip-CPU-performance_big.jpg.large_.jpg\",\"datePublished\":\"2025-05-10T18:49:54+00:00\",\"dateModified\":\"2025-05-15T16:51:18+00:00\",\"description\":\"Toutes les ressources sur les technologies et innovations d\u2019Apple : intelligence artificielle, lancements de produits, et rep\u00e8res sur son histoire.\",\"breadcrumb\":{\"@id\":\"https:\/\/www.coachwp.fr\/apple\/technologies-et-innovation\/#breadcrumb\"},\"inLanguage\":\"fr-FR\",\"potentialAction\":[{\"@type\":\"ReadAction\",\"target\":[\"https:\/\/www.coachwp.fr\/apple\/technologies-et-innovation\/\"]}]},{\"@type\":\"ImageObject\",\"inLanguage\":\"fr-FR\",\"@id\":\"https:\/\/www.coachwp.fr\/apple\/technologies-et-innovation\/#primaryimage\",\"url\":\"https:\/\/www.coachwp.fr\/apple\/wp-content\/uploads\/2025\/05\/Apple-M4-chip-CPU-performance_big.jpg.large_.jpg\",\"contentUrl\":\"https:\/\/www.coachwp.fr\/apple\/wp-content\/uploads\/2025\/05\/Apple-M4-chip-CPU-performance_big.jpg.large_.jpg\",\"width\":980,\"height\":551},{\"@type\":\"BreadcrumbList\",\"@id\":\"https:\/\/www.coachwp.fr\/apple\/technologies-et-innovation\/#breadcrumb\",\"itemListElement\":[{\"@type\":\"ListItem\",\"position\":1,\"name\":\"Accueil\",\"item\":\"https:\/\/www.coachwp.fr\/apple\/\"},{\"@type\":\"ListItem\",\"position\":2,\"name\":\"Technologies et innovation\"}]},{\"@type\":\"WebSite\",\"@id\":\"https:\/\/www.coachwp.fr\/apple\/#website\",\"url\":\"https:\/\/www.coachwp.fr\/apple\/\",\"name\":\"AppleLabs\",\"description\":\"Demain commence ici\",\"publisher\":{\"@id\":\"https:\/\/www.coachwp.fr\/apple\/#organization\"},\"potentialAction\":[{\"@type\":\"SearchAction\",\"target\":{\"@type\":\"EntryPoint\",\"urlTemplate\":\"https:\/\/www.coachwp.fr\/apple\/?s={search_term_string}\"},\"query-input\":{\"@type\":\"PropertyValueSpecification\",\"valueRequired\":true,\"valueName\":\"search_term_string\"}}],\"inLanguage\":\"fr-FR\"},{\"@type\":\"Organization\",\"@id\":\"https:\/\/www.coachwp.fr\/apple\/#organization\",\"name\":\"AppleLabs\",\"url\":\"https:\/\/www.coachwp.fr\/apple\/\",\"logo\":{\"@type\":\"ImageObject\",\"inLanguage\":\"fr-FR\",\"@id\":\"https:\/\/www.coachwp.fr\/apple\/#\/schema\/logo\/image\/\",\"url\":\"https:\/\/www.coachwp.fr\/apple\/wp-content\/uploads\/2025\/05\/applllle.png\",\"contentUrl\":\"https:\/\/www.coachwp.fr\/apple\/wp-content\/uploads\/2025\/05\/applllle.png\",\"width\":1080,\"height\":1350,\"caption\":\"AppleLabs\"},\"image\":{\"@id\":\"https:\/\/www.coachwp.fr\/apple\/#\/schema\/logo\/image\/\"}}]}<\/script>\n<!-- \/ Yoast SEO plugin. -->","yoast_head_json":{"title":"Technologies et innovation - AppleLabs","description":"Toutes les ressources sur les technologies et innovations d\u2019Apple : intelligence artificielle, lancements de produits, et rep\u00e8res sur son histoire.","robots":{"index":"noindex","follow":"follow","max-snippet":"max-snippet:-1","max-image-preview":"max-image-preview:large","max-video-preview":"max-video-preview:-1"},"og_locale":"fr_FR","og_type":"article","og_title":"Technologies et innovation - AppleLabs","og_description":"Toutes les ressources sur les technologies et innovations d\u2019Apple : intelligence artificielle, lancements de produits, et rep\u00e8res sur son histoire.","og_url":"https:\/\/www.coachwp.fr\/apple\/technologies-et-innovation\/","og_site_name":"AppleLabs","article_modified_time":"2025-05-15T16:51:18+00:00","og_image":[{"width":980,"height":551,"url":"https:\/\/www.coachwp.fr\/apple\/wp-content\/uploads\/2025\/05\/Apple-M4-chip-CPU-performance_big.jpg.large_.jpg","type":"image\/jpeg"}],"twitter_card":"summary_large_image","twitter_misc":{"Dur\u00e9e de lecture estim\u00e9e":"2 minutes"},"schema":{"@context":"https:\/\/schema.org","@graph":[{"@type":"WebPage","@id":"https:\/\/www.coachwp.fr\/apple\/technologies-et-innovation\/","url":"https:\/\/www.coachwp.fr\/apple\/technologies-et-innovation\/","name":"Technologies et innovation - AppleLabs","isPartOf":{"@id":"https:\/\/www.coachwp.fr\/apple\/#website"},"primaryImageOfPage":{"@id":"https:\/\/www.coachwp.fr\/apple\/technologies-et-innovation\/#primaryimage"},"image":{"@id":"https:\/\/www.coachwp.fr\/apple\/technologies-et-innovation\/#primaryimage"},"thumbnailUrl":"https:\/\/www.coachwp.fr\/apple\/wp-content\/uploads\/2025\/05\/Apple-M4-chip-CPU-performance_big.jpg.large_.jpg","datePublished":"2025-05-10T18:49:54+00:00","dateModified":"2025-05-15T16:51:18+00:00","description":"Toutes les ressources sur les technologies et innovations d\u2019Apple : intelligence artificielle, lancements de produits, et rep\u00e8res sur son histoire.","breadcrumb":{"@id":"https:\/\/www.coachwp.fr\/apple\/technologies-et-innovation\/#breadcrumb"},"inLanguage":"fr-FR","potentialAction":[{"@type":"ReadAction","target":["https:\/\/www.coachwp.fr\/apple\/technologies-et-innovation\/"]}]},{"@type":"ImageObject","inLanguage":"fr-FR","@id":"https:\/\/www.coachwp.fr\/apple\/technologies-et-innovation\/#primaryimage","url":"https:\/\/www.coachwp.fr\/apple\/wp-content\/uploads\/2025\/05\/Apple-M4-chip-CPU-performance_big.jpg.large_.jpg","contentUrl":"https:\/\/www.coachwp.fr\/apple\/wp-content\/uploads\/2025\/05\/Apple-M4-chip-CPU-performance_big.jpg.large_.jpg","width":980,"height":551},{"@type":"BreadcrumbList","@id":"https:\/\/www.coachwp.fr\/apple\/technologies-et-innovation\/#breadcrumb","itemListElement":[{"@type":"ListItem","position":1,"name":"Accueil","item":"https:\/\/www.coachwp.fr\/apple\/"},{"@type":"ListItem","position":2,"name":"Technologies et innovation"}]},{"@type":"WebSite","@id":"https:\/\/www.coachwp.fr\/apple\/#website","url":"https:\/\/www.coachwp.fr\/apple\/","name":"AppleLabs","description":"Demain commence ici","publisher":{"@id":"https:\/\/www.coachwp.fr\/apple\/#organization"},"potentialAction":[{"@type":"SearchAction","target":{"@type":"EntryPoint","urlTemplate":"https:\/\/www.coachwp.fr\/apple\/?s={search_term_string}"},"query-input":{"@type":"PropertyValueSpecification","valueRequired":true,"valueName":"search_term_string"}}],"inLanguage":"fr-FR"},{"@type":"Organization","@id":"https:\/\/www.coachwp.fr\/apple\/#organization","name":"AppleLabs","url":"https:\/\/www.coachwp.fr\/apple\/","logo":{"@type":"ImageObject","inLanguage":"fr-FR","@id":"https:\/\/www.coachwp.fr\/apple\/#\/schema\/logo\/image\/","url":"https:\/\/www.coachwp.fr\/apple\/wp-content\/uploads\/2025\/05\/applllle.png","contentUrl":"https:\/\/www.coachwp.fr\/apple\/wp-content\/uploads\/2025\/05\/applllle.png","width":1080,"height":1350,"caption":"AppleLabs"},"image":{"@id":"https:\/\/www.coachwp.fr\/apple\/#\/schema\/logo\/image\/"}}]}},"_links":{"self":[{"href":"https:\/\/www.coachwp.fr\/apple\/wp-json\/wp\/v2\/pages\/171","targetHints":{"allow":["GET"]}}],"collection":[{"href":"https:\/\/www.coachwp.fr\/apple\/wp-json\/wp\/v2\/pages"}],"about":[{"href":"https:\/\/www.coachwp.fr\/apple\/wp-json\/wp\/v2\/types\/page"}],"author":[{"embeddable":true,"href":"https:\/\/www.coachwp.fr\/apple\/wp-json\/wp\/v2\/users\/2"}],"replies":[{"embeddable":true,"href":"https:\/\/www.coachwp.fr\/apple\/wp-json\/wp\/v2\/comments?post=171"}],"version-history":[{"count":4,"href":"https:\/\/www.coachwp.fr\/apple\/wp-json\/wp\/v2\/pages\/171\/revisions"}],"predecessor-version":[{"id":401,"href":"https:\/\/www.coachwp.fr\/apple\/wp-json\/wp\/v2\/pages\/171\/revisions\/401"}],"wp:attachment":[{"href":"https:\/\/www.coachwp.fr\/apple\/wp-json\/wp\/v2\/media?parent=171"}],"curies":[{"name":"wp","href":"https:\/\/api.w.org\/{rel}","templated":true}]}}